{"id":988232,"date":"2025-01-15T16:35:09","date_gmt":"2025-01-15T15:35:09","guid":{"rendered":"https:\/\/conexiondigitalsenior.com\/?page_id=988232"},"modified":"2025-01-15T17:27:15","modified_gmt":"2025-01-15T16:27:15","slug":"gestion-digital-de-tramites-con-la-administracion-publica-2","status":"publish","type":"page","link":"https:\/\/conexiondigitalsenior.com\/index.php\/gestion-digital-de-tramites-con-la-administracion-publica-2\/","title":{"rendered":"Gesti\u00f3n digital de tr\u00e1mites con la administraci\u00f3n p\u00fablica"},"content":{"rendered":"\t\t<div data-elementor-type=\"wp-page\" data-elementor-id=\"988232\" class=\"elementor elementor-988232\" data-elementor-post-type=\"page\">\n\t\t\t\t\t\t<section class=\"elementor-section elementor-top-section elementor-element elementor-element-0d2326f elementor-section-boxed elementor-section-height-default elementor-section-height-default\" data-id=\"0d2326f\" data-element_type=\"section\">\n\t\t\t\t\t\t<div class=\"elementor-container elementor-column-gap-no\">\n\t\t\t\t\t<div class=\"elementor-column elementor-col-50 elementor-top-column elementor-element elementor-element-24a70d8\" data-id=\"24a70d8\" data-element_type=\"column\">\n\t\t\t<div class=\"elementor-widget-wrap elementor-element-populated\">\n\t\t\t\t\t\t<div class=\"elementor-element elementor-element-65f8e3a elementor-widget elementor-widget-text-editor\" data-id=\"65f8e3a\" data-element_type=\"widget\" data-widget_type=\"text-editor.default\">\n\t\t\t\t<div class=\"elementor-widget-container\">\n\t\t\t\t\t\t\t<p><b>Objetivo general: <\/b><b><br \/><\/b><span style=\"font-weight: 400;\">Capacitar a los participantes en la realizaci\u00f3n eficiente y segura de gestiones administrativas online como el pago de impuestos o la petici\u00f3n de citas m\u00e9dicas.<\/span><\/p><p><br \/><b>Objetivos espec\u00edficos: <\/b><b><br \/><\/b><span style=\"font-weight: 400;\">&#8211; Familiarizarse con las plataformas de la administraci\u00f3n p\u00fablica.<\/span><span style=\"font-weight: 400;\"><br \/><\/span><span style=\"font-weight: 400;\">&#8211; Realizar tr\u00e1mites administrativos online de manera segura.<\/span><b><br \/><\/b><\/p><p><b>Contenidos propuestos: <\/b><b><br \/><\/b><span style=\"font-weight: 400;\">TEMA 1: Introducci\u00f3n a los servicios digitales de la administraci\u00f3n p\u00fablica<\/span><span style=\"font-weight: 400;\"><br \/><\/span><span style=\"font-weight: 400;\">TEMA 2: Realizaci\u00f3n online de tr\u00e1mites espec\u00edficos<\/span><span style=\"font-weight: 400;\"><br \/><\/span><span style=\"font-weight: 400;\">TEMA 3: Resoluci\u00f3n de problemas y asistencia t\u00e9cnica.<\/span><\/p>\t\t\t\t\t\t<\/div>\n\t\t\t\t<\/div>\n\t\t\t\t\t<\/div>\n\t\t<\/div>\n\t\t\t\t<div class=\"elementor-column elementor-col-50 elementor-top-column elementor-element elementor-element-01707ec\" data-id=\"01707ec\" data-element_type=\"column\">\n\t\t\t<div class=\"elementor-widget-wrap elementor-element-populated\">\n\t\t\t\t\t\t<div class=\"elementor-element elementor-element-2ee50db elementor-widget elementor-widget-image\" data-id=\"2ee50db\" data-element_type=\"widget\" data-widget_type=\"image.default\">\n\t\t\t\t<div class=\"elementor-widget-container\">\n\t\t\t\t\t\t\t\t\t\t\t\t\t<img fetchpriority=\"high\" decoding=\"async\" width=\"641\" height=\"641\" src=\"https:\/\/conexiondigitalsenior.com\/wp-content\/uploads\/2025\/01\/Gestion-digital-de-tramites-con-la-administracion-publica.jpg\" class=\"attachment-large size-large wp-image-988182\" alt=\"\" srcset=\"https:\/\/conexiondigitalsenior.com\/wp-content\/uploads\/2025\/01\/Gestion-digital-de-tramites-con-la-administracion-publica.jpg 641w, https:\/\/conexiondigitalsenior.com\/wp-content\/uploads\/2025\/01\/Gestion-digital-de-tramites-con-la-administracion-publica-300x300.jpg 300w, https:\/\/conexiondigitalsenior.com\/wp-content\/uploads\/2025\/01\/Gestion-digital-de-tramites-con-la-administracion-publica-150x150.jpg 150w, https:\/\/conexiondigitalsenior.com\/wp-content\/uploads\/2025\/01\/Gestion-digital-de-tramites-con-la-administracion-publica-320x320.jpg 320w\" sizes=\"(max-width: 641px) 100vw, 641px\" \/>\t\t\t\t\t\t\t\t\t\t\t\t\t<\/div>\n\t\t\t\t<\/div>\n\t\t\t\t\t<\/div>\n\t\t<\/div>\n\t\t\t\t\t<\/div>\n\t\t<\/section>\n\t\t<div class=\"elementor-element elementor-element-6571b34 e-flex e-con-boxed e-con e-parent\" data-id=\"6571b34\" data-element_type=\"container\">\n\t\t\t\t\t<div class=\"e-con-inner\">\n\t\t\t\t\t<\/div>\n\t\t\t\t<\/div>\n\t\t\t\t<\/div>\n\t\t","protected":false},"excerpt":{"rendered":"<p>Digital marketing solutions designed to generate revenue for your business<\/p>\n","protected":false},"author":2,"featured_media":6704,"parent":0,"menu_order":0,"comment_status":"closed","ping_status":"closed","template":"","meta":{"footnotes":""},"class_list":["post-988232","page","type-page","status-publish","has-post-thumbnail","hentry"],"_links":{"self":[{"href":"https:\/\/conexiondigitalsenior.com\/index.php\/wp-json\/wp\/v2\/pages\/988232","targetHints":{"allow":["GET"]}}],"collection":[{"href":"https:\/\/conexiondigitalsenior.com\/index.php\/wp-json\/wp\/v2\/pages"}],"about":[{"href":"https:\/\/conexiondigitalsenior.com\/index.php\/wp-json\/wp\/v2\/types\/page"}],"author":[{"embeddable":true,"href":"https:\/\/conexiondigitalsenior.com\/index.php\/wp-json\/wp\/v2\/users\/2"}],"replies":[{"embeddable":true,"href":"https:\/\/conexiondigitalsenior.com\/index.php\/wp-json\/wp\/v2\/comments?post=988232"}],"version-history":[{"count":4,"href":"https:\/\/conexiondigitalsenior.com\/index.php\/wp-json\/wp\/v2\/pages\/988232\/revisions"}],"predecessor-version":[{"id":988236,"href":"https:\/\/conexiondigitalsenior.com\/index.php\/wp-json\/wp\/v2\/pages\/988232\/revisions\/988236"}],"wp:featuredmedia":[{"embeddable":true,"href":"https:\/\/conexiondigitalsenior.com\/index.php\/wp-json\/wp\/v2\/media\/6704"}],"wp:attachment":[{"href":"https:\/\/conexiondigitalsenior.com\/index.php\/wp-json\/wp\/v2\/media?parent=988232"}],"curies":[{"name":"wp","href":"https:\/\/api.w.org\/{rel}","templated":true}]}}